e highest common divisor of 1590828 and 6020?
172
What is the highest common factor of 405937693 and 259?
259
Calculate the highest common divisor of 43 and 69358613.
43
Calculate the greatest common factor of 3506 and 140580082.
3506
Calculate the highest common divisor of 840 and 33004860.
420
Calculate the greatest common factor of 136930619 and 2709.
301
What is the highest common factor of 114 and 230068150?
38
Calculate the greatest common divisor of 12816 and 193176.
72
Calculate the greatest common factor of 8943712 and 23672.
2152
Calculate the highest common factor of 11609143 and 579.
193
What is the greatest common divisor of 104525 and 3591479?
4181
Calculate the highest common divisor of 162630 and 9060.
30
What is the greatest common divisor of 67122 and 18870435?
3051
What is the highest common factor of 66000578 and 42?
14
What is the highest common factor of 11880 and 173511360?
3960
What is the highest common factor of 156 and 4753368?
12
Calculate the greatest common factor of 129 and 9060788.
43
What is the greatest common factor of 5507115 and 11715?
1065
Calculate the greatest common factor of 5376 and 31308224.
64
What is the highest common factor of 1914 and 113259674?
638
Calculate the greatest common factor of 6 and 227381754.
6
What is the greatest common divisor of 130744 and 53270424?
2216
Calculate the highest common factor of 11752779 and 7432.
929
Calculate the greatest common divisor of 103275 and 3409350.
1275
What is the highest common divisor of 150228 and 47814234?
8346
What is the greatest common factor of 30 and 35841900?
30
What is the highest common divisor of 1785 and 11426975?
595
Calculate the greatest common factor of 43200234 and 1278.
1278
Calculate the highest common divisor of 2357739071 and 673.
673
What is the greatest common divisor of 103260 and 1362660?
60
What is the greatest common factor of 1555547 and 35?
7
Calculate the greatest common divisor of 232 and 734184.
8
Calculate the highest common divisor of 426717 and 986.
17
What is the highest common divisor of 2 and 4253380?
2
Calculate the highest common divisor of 177419 and 121.
11
Calculate the highest common divisor of 74592 and 12728.
296
What is the greatest common divisor of 4785 and 165840?
15
Calculate the highest common factor of 21018942 and 63.
63
Calculate the greatest common factor of 12240 and 2892615.
15
What is the highest common factor of 116744 and 448?
8
What is the highest common factor of 79122925 and 700?
175
What is the highest common factor of 466150198 and 772?
386
What is the highest common divisor of 7640 and 4506369960?
7640
Calculate the greatest common factor of 872 and 3041645.
109
What is the greatest common factor of 195520 and 1755?
65
Calculate the highest common factor of 182518 and 4676.
14
Calculate the highest common divisor of 1009215 and 1900825.
2735
What is the highest common factor of 12200808 and 192?
24
Calculate the greatest common factor of 224 and 30276792.
56
What is the greatest common factor of 20 and 184655860?
20
What is the greatest common divisor of 13160 and 43829380?
6580
What is the highest common factor of 11 and 8261627?
11
Calculate the greatest common divisor of 5141 and 10137257.
53
What is the highest common factor of 124158303 and 7848?
981
What is the greatest common factor of 1725965124 and 39?
39
What is the greatest common divisor of 321 and 898235682?
321
Calculate the highest common divisor of 28548 and 182052.
468
Calculate the greatest common factor of 19811 and 254243.
11
What is the highest common divisor of 380472 and 57768?
1992
What is the greatest common divisor of 37820374 and 152?
38
Calculate the highest common divisor of 12250 and 1901690.
490
Calculate the highest common factor of 1827 and 5535747.
63
Calculate the greatest common factor of 1007010 and 304515.
3015
Calculate the greatest common factor of 6570240 and 847240.
2360
Calculate the highest common divisor of 12002 and 1142661.
353
What is the highest common divisor of 310 and 365792560?
310
Calculate the highest common divisor of 1913 and 24205189.
1913
What is the highest common factor of 6704 and 97552?
16
Calculate the highest common divisor of 38 and 70127081.
19
What is the greatest common factor of 2490 and 13751025?
1245
What is the greatest common factor of 2781 and 322767?
9
What is the highest common factor of 54 and 106109379?
27
Calculate the highest common factor of 41677535 and 860.
215
Calculate the greatest common divisor of 65 and 316186.
13
Calculate the highest common divisor of 3911 and 1263636278.
3911
Calculate the highest common factor of 114738019 and 11.
11
Calculate the greatest common factor of 125481 and 543147.
453
What is the highest common divisor of 926518 and 22878?
82
Calculate the highest common divisor of 632880 and 287415.
135
Calculate the greatest common divisor of 50008 and 501676.
532
What is the greatest common divisor of 3976 and 40541?
71
What is the greatest common divisor of 12738 and 44612529?
579
Calculate the highest common factor of 24926 and 6050.
242
What is the highest common factor of 500 and 295176500?
500
What is the greatest common divisor of 2740 and 178453460?
2740
What is the greatest common divisor of 5852603 and 184?
23
What is the highest common factor of 169 and 2797483?
13
Calculate the highest common factor of 269252660 and 100.
20
What is the highest common divisor of 7063 and 5362?
7
What is the highest common factor of 13412 and 280980?
28
Calculate the highest common factor of 380 and 235276.
4
What is the highest common factor of 24435627 and 3?
3
Calculate the greatest common divisor of 24384 and 9747123.
381
Calculate the greatest common divisor of 2274782 and 489298.
698
Calculate the highest common factor of 38893060 and 58.
58
Calculate the highest common factor of 449198057 and 11.
11
Calculate the greatest common factor of 9075 and 2930.
5
Calculate the highest common factor of 976023 and 216.
27
What is the greatest common divisor of 470 and 11690545?
235
What is the greatest common divisor of 682524 and 4068?
36
What is the greatest common factor of 216736184 and 1580?
316
Calculate the greatest common factor of 1456504434 and 622.
622
What is the highest common factor of 22748 and 20449?
121
Calculate the greatest common divisor of 34394556 and 84.
84
Calculate the highest common factor of 1588 and 26742714.
794
Calculate the greatest common factor of 270988 and 308136.
148
Calculate the greatest common factor of 66 and 8898934.
22
What is the highest common divisor of 1355806 and 4170?
278
What is the greatest common divisor of 1472082 and 2394?
114
What is the greatest common divisor of 5500 and 85191700?
1100
What is the greatest common divisor of 219899162 and 16856?
4214
Calculate the greatest common divisor of 11890 and 213023618.
2378
What is the highest common factor of 1513083820 and 40?
20
What is the greatest common factor of 7918976 and 13312?
1664
What is the highest common factor of 118 and 18291062?
118
Calculate the greatest common divisor of 35802705 and 46155.
2715
Calculate the greatest common divisor of 1726451 and 18203.
109
Calculate the greatest common factor of 361530 and 340470.
3510
Calculate the highest common divisor of 365777 and 9421911.
12613
What is the highest common divisor of 113381222 and 2?
2
What is the highest common divisor of 100737189 and 78057?
1323
What is the greatest common divisor of 147678 and 195998?
302
What is the highest common divisor of 6953095 and 10?
5
Calculate the greatest common divisor of 1996679 and 190588.
899
What is the greatest common factor of 166107 and 19839?
51
What is the greatest common divisor of 440 and 9274320?
440
Calculate the highest common factor of 2817247 and 3243.
23
What is the greatest common divisor of 248 and 9485464?
8
What is the greatest common factor of 12160 and 177688960?
640
What is the highest common factor of 332366778 and 12?
6
What is the highest common factor of 17823906 and 283?
283
Calculate the greatest common factor of 13246 and 21523676.
358
Calculate the greatest common factor of 541210929 and 12495.
2499
What is the highest common divisor of 1645046 and 1099?
157
What is the highest common factor of 2988